e
Does 15 divide 24405?
True
Is 1904 a multiple of 17?
True
Does 7 divide 464?
False
Is 56 a multiple of 28?
True
Is 4 a factor of 924?
True
Does 187 divide 49368?
True
Does 40 divide 1581?
False
Is 42 a factor of 24822?
True
Does 18 divide 45783?
False
Does 3 divide 146?
False
Is 8257 a multiple of 46?
False
Is 9119 a multiple of 23?
False
Is 103 a factor of 1236?
True
Is 43 a factor of 602?
True
Is 99 a factor of 1980?
True
Does 19 divide 1159?
True
Does 11 divide 198?
True
Is 31 a factor of 744?
True
Does 7 divide 645?
False
Is 17 a factor of 102?
True
Is 82 a factor of 1196?
False
Is 87 a factor of 4714?
False
Is 24895 a multiple of 28?
False
Is 17 a factor of 408?
True
Is 140 a factor of 34974?
False
Is 455 a factor of 27735?
False
Is 18 a factor of 1411?
False
Is 7136 a multiple of 76?
False
Does 7 divide 1036?
True
Does 4 divide 14956?
True
Is 2580 a multiple of 30?
True
Is 1896 a multiple of 27?
False
Is 12 a factor of 81448?
False
Is 220 a factor of 1760?
True
Is 5130 a multiple of 27?
True
Does 41 divide 246?
True
Is 4318 a multiple of 17?
True
Is 6402 a multiple of 291?
True
Does 19 divide 2109?
True
Is 348 a multiple of 3?
True
Does 3 divide 3080?
False
Does 18 divide 27180?
True
Is 1692 a multiple of 18?
True
Is 516 a multiple of 26?
False
Is 8342 a multiple of 106?
False
Does 2 divide 194?
True
Does 2 divide 807?
False
Does 56 divide 1622?
False
Does 12 divide 829?
False
Does 14 divide 7594?
False
Does 19 divide 627?
True
Is 2992 a multiple of 11?
True
Is 120 a multiple of 30?
True
Is 60 a factor of 10290?
False
Is 8 a factor of 864?
True
Is 754 a multiple of 13?
True
Does 7 divide 937?
False
Does 123 divide 889?
False
Is 13 a factor of 26?
True
Does 12 divide 82?
False
Is 11 a factor of 286?
True
Is 9 a factor of 428?
False
Is 40 a factor of 8346?
False
Is 54936 a multiple of 126?
True
Is 113 a factor of 25040?
False
Is 334 a factor of 27388?
True
Is 18 a factor of 234?
True
Is 15782 a multiple of 55?
False
Is 9 a factor of 34704?
True
Is 29 a factor of 39150?
True
Does 13 divide 61464?
True
Does 4 divide 419?
False
Is 5 a factor of 395?
True
Is 3 a factor of 3697?
False
Is 6486 a multiple of 47?
True
Is 954 a multiple of 76?
False
Is 59828 a multiple of 12?
False
Is 1375 a multiple of 11?
True
Is 90 a factor of 1530?
True
Is 51 a factor of 1275?
True
Does 16 divide 381?
False
Is 38 a factor of 7827?
False
Is 22 a factor of 28474?
False
Is 46 a factor of 1242?
True
Does 8 divide 49146?
False
Does 89 divide 4272?
True
Does 5 divide 39672?
False
Is 272 a multiple of 12?
False
Is 42 a factor of 756?
True
Is 95 a factor of 7885?
True
Is 7520 a multiple of 8?
True
Does 5 divide 165?
True
Does 2 divide 182?
True
Is 11 a factor of 836?
True
Does 11 divide 560?
False
Is 9 a factor of 21618?
True
Is 3432 a multiple of 78?
True
Is 9911 a multiple of 17?
True
Does 7 divide 4991?
True
Is 3485 a multiple of 3?
False
Is 6 a factor of 456?
True
Is 1530 a multiple of 30?
True
Does 132 divide 16764?
True
Does 95 divide 2759?
False
Is 19 a factor of 931?
True
Is 1950 a multiple of 30?
True
Is 18 a factor of 11412?
True
Is 32 even?
True
Does 7 divide 309?
False
Is 37 a factor of 1295?
True
Is 6 a factor of 134?
False
Is 11 a factor of 454?
False
Is 21 a factor of 3526?
False
Does 79 divide 1290?
False
Does 7 divide 413?
True
Is 70763 a multiple of 10?
False
Is 35668 a multiple of 37?
True
Is 1226 a multiple of 8?
False
Is 15 a factor of 7755?
True
Does 9 divide 639?
True
Does 29 divide 3045?
True
Is 33 a factor of 456?
False
Is 11 a factor of 24274?
False
Does 41 divide 6355?
True
Does 60 divide 5593?
False
Is 1284 a multiple of 13?
False
Is 5 a factor of 884?
False
Does 13 divide 31083?
True
Does 14 divide 4580?
False
Does 57 divide 5244?
True
Does 9 divide 248?
False
Is 48 a factor of 22304?
False
Is 42 a factor of 7518?
True
Is 2 a factor of 1299?
False
Is 4 a factor of 287?
False
Does 53 divide 4740?
False
Does 82 divide 1066?
True
Does 73 divide 4607?
False
Is 16256 a multiple of 127?
True
Is 13 a factor of 11557?
True
Is 17 a factor of 3258?
False
Is 728 a multiple of 17?
False
Is 442 a multiple of 13?
True
Is 1433 a multiple of 55?
False
Is 4 a factor of 66?
False
Is 13212 a multiple of 66?
False
Is 50 a factor of 3800?
True
Is 38 a factor of 164?
False
Is 6499 a multiple of 31?
False
Does 49 divide 1371?
False
Is 42 a multiple of 12?
False
Is 17320 a multiple of 8?
True
Does 69 divide 11030?
False
Does 23 divide 19803?
True
Is 273 a multiple of 13?
True
Is 18 a factor of 18090?
True
Is 130 a multiple of 5?
True
Is 3 a factor of 125?
False
Does 23 divide 10613?
False
Does 8 divide 396?
False
Is 93 a multiple of 3?
True
Is 1128 a multiple of 4?
True
Is 9 a multiple of 4?
False
Does 29 divide 28739?
True
Is 65 a factor of 68312?
False
Is 8250 a multiple of 110?
True
Does 82 divide 3362?
True
Is 1905 a multiple of 15?
True
Is 35 a factor of 660?
False
Does 72 divide 27504?
True
Is 15 a factor of 17289?
False
Is 32 a factor of 3096?
False
Is 24 a factor of 63?
False
Does 28 divide 812?
True
Is 37 a factor of 988?
False
Does 12 divide 2612?
False
Is 22 a factor of 6908?
True
Does 10 divide 272?
False
Is 2354 a multiple of 11?
True
Is 4339 a multiple of 95?
False
Does 8 divide 24524?
False
Is 28 a factor of 15344?
True
Is 3 a factor of 4869?
True
Is 37 a factor of 81696?
True
Is 143 a factor of 2002?
True
Does 14 divide 1548?
False
Is 24 even?
True
Is 765 a multiple of 6?
False
Is 53 a factor of 18656?
True
Does 9 divide 387?
True
Is 5401 a multiple of 30?
False
Does 25 divide 12325?
True
Does 269 divide 39274?
True
Is 330 a multiple of 66?
True
Is 1148 a multiple of 12?
False
Is 681 a multiple of 5?
False
Is 7 a factor of 10389?
False
Does 22 divide 498?
False
Does 12 divide 1956?
True
Does 15 divide 2115?
True
Does 9 divide 10015?
False
Is 116 a multiple of 3?
False
Is 6188 a multiple of 13?
True
Does 12 divide 900?
True
Is 13762 a multiple of 31?
False
Is 5 a factor of 8455?
True
Does 66 divide 25285?
False
Is 55 a multiple of 5?
True
Is 1129 a multiple of 11?
False
Does 27 divide 4185?
True
Is 32 a factor of 2525?
False
Does 4 divide 2712?
True
Is 86562 a multiple of 42?
True
Is 1079 a multiple of 83?
True
Does 185 divide 14482?
False
Is 10 a factor of 390?
True
Does 81 divide 2955?
False
Is 387 a multiple of 43?
True
Does 29 divide 65?
False
Is 39 a factor of 507?
True
Is 6 a factor of 164?
False
Does 5 divide 317?
False
Does 34 divide 442?
True
Does 40 divide 7384?
False
Does 9 divide 104?
False
Is 9693 a multiple of 55?
False
Does 17 divide 55871?
False
Does 12 divide 3840?
True
Does 26 divide 24310?
True
Is 27 a factor of 11637?
True
Does 8 divide 16?
True
Is 1428 a multiple of 51?
True
Does 12 divide 26534?
False
Does 18 divide 29?
False
Does 24 divide 8369?
False
Does 31 divide 4187?
False
Is 3362 a multiple of 82?
True
Is 20 a factor of 1310?
False
Does 6 divide 1394?
False
Is 10 a factor of 285?
False
Is 86 a factor of 425?
False
Is 9396 a multiple of 58?
True
Does 11 divide 4440?
False
Does 20 divide 15821?
False
Is 4599 a multiple of 9?
True
Does 27 divide 573?
False
Is 2 a factor of 140?
True
Does 47 divide 470?
True
Does 11 divide 132?
True
Is 18 a factor of 29304?
True
Is 7376 a multiple of 47?
False
Is 122 a factor of 60183?
False
Is 76 a factor of 286?
False
Does 3 divide 5249?
False
Is 13 a factor of 1574?
False
Is 7893 a multiple of 9?
True
Is 14 a factor of 238?
True
Is 18726 a multiple of 57?
False
Is 12713 a multiple of 28?
False
Is 43 a factor of 1406?
False
Does 17 divide 37403?
False
Is 47774 a multiple of 70?
False
Is 3828 a multiple of 116?
True
Is 17 a factor of 18541?
False
Is 58 a factor of 3422?
True
Is 5160 a multiple of 30?
True
Does 7 divide 2079?
True
Does 44 divide 565?
False
Is 11 a factor of 3832?
False
Is 98 a multiple of 14?
True
Is 21492 a multiple of 14?
False
Is 512 a multiple of 64?
True
Is 147 a multiple of 21?
True
Is 20 a factor of 156?
False
Is 21 a factor of 4161?
False
Is 60 a multiple of 5?
True
Is 7 a factor of 15087?
False
Does 4 divide 198?
False
Is 70 a factor of 630?
True
Is 31 a factor of 1270?
False
Does 32 divide 1042?
False
Does 17 divide 193?
False
Does 8 divide 448?
True
Is 19 a factor of 3431?
False
Is 121 a factor of 64977?
True
Is 45 a factor of 34695?
True
Is 4788 a multiple